*n + 2*j + 3*j - 28. Let m(o) = o**3 + 11*o**2 - 14*o - 8. What is the remainder when 28 is divided by m(n)?
12
Suppose -6*v = -2*v - 12. Suppose v*j = 8*j - 35. Calculate the remainder when j is divided by 3.
1
Suppose -5*o + 3*j - 41 + 149 = 0, 4*j + 104 = 5*o. What is the remainder when 285 is divided by o?
21
Let q(c) = c**2 - 30. Calculate the remainder when q(-7) is divided by 8 + (2 + -2 - 1).
5
Let i be (-245)/15 - (-20)/15. Let a(j) = j**2 + 14*j - 1. Calculate the remainder when a(i) is divided by 9.
5
Let w = 1162 + -1136. What is the remainder when w is divided by 13?
0
Suppose -2*j - 4*m + 6 + 6 = 0, j - 2*m - 6 = 0. What is the remainder when 95 is divided by 128/j*(-3)/(-2)?
31
What is the remainder when 121 is divided by 64/(-48)*(-258)/8?
35
Suppose 0 = k + 7*k - 496. Calculate the remainder when k is divided by 21.
20
Let d(x) = 5*x**2 + 3*x - 2. Suppose 0 = 2*j - 1 + 11, -j + 5 = 2*i. Let w(c) = 6*c + 5. Calculate the remainder when w(i) is divided by d(-2).
11
Let g(t) = -4*t + 3. Let l be g(-8). Suppose -5*a = -2*z + l, -5*z + z = -2*a - 62. Calculate the remainder when 27 is divided by z.
12
Let a = -44 + 46. Suppose -w + 38 + 10 = -3*c, -43 = -w + a*c. Calculate the remainder when w is divided by 9.
6
Let k(b) = -6*b - 6. Suppose -5*t + 498 = -332. Calculate the remainder when t is divided by k(-8).
40
Suppose 0 = 4*n - 3*b - 10, -4*b = -2*n + 6*n + 4. Suppose -i = -2, -5*i - 51 = -4*h - n. Calculate the remainder when h is divided by 4.
3
Suppose 0 = 10*x + 230 - 1580. Calculate the remainder when x is divided by 47.
41
Suppose 2*l + 9 - 38 = -3*a, 0 = a + 2*l - 3. Calculate the remainder when 54 is divided by a.
2
Let d = 30 + 9. Let g = d + 7. Let b(p) = 17*p**2 + 10*p + 9. What is the remainder when g is divided by b(-1)?
14
Calculate the remainder when 1*(-342)/(3 - 6) is divided by 39.
36
Let b = -279 + 291. Calculate the remainder when 69 is divided by b.
9
Suppose z - 25 = 2*q, -26 - 79 = -4*z + 3*q. What is the remainder when 129 is divided by z?
21
Suppose 3*q + 3*l - 5*l - 73 = 0, 109 = 5*q + 3*l. Let y = 0 - 6. What is the remainder when q is divided by (-2 - y - -2) + 0?
5
Suppose -3*x - x + 5*b + 5 = 0, 2 = -3*x - 2*b. Suppose x = 6*y - 169 + 1. Calculate the remainder when 82 is divided by y.
26
Let a(q) = -4*q + 5. Let f = 15 - 17. Calculate the remainder when 64 is divided by a(f).
12
Let m = -4061 - -4072. Let v(c) = 6*c**2 + 2*c. Calculate the remainder when v(2) is divided by m.
6
Suppose 2*o = -y + 255 + 177, -2*o + 440 = -y. Let b = o - 144. Calculate the remainder when b is divided by 15.
14
Suppose 0*f + 3 = 3*f. Suppose -2 - f = 3*k. What is the remainder when 42 is divided by (-715)/(-66) - k/6?
9
Let n(k) = 999*k**3 + 5*k**2 - k - 5. Calculate the remainder when n(1) is divided by 59.
54
Let s(r) be the second derivative of r**4/3 + 4*r**3/3 - 17*r**2/2 + 2*r + 8. Calculate the remainder when s(5) is divided by 21.
18
Let w = -46 + 35. What is the remainder when 67 is divided by 5 + -1 - (w - 4 - 4)?
21
Let y = 43 + -43. Suppose -3*m - 28 = -4*q - y*m, 4*q - 4 = -3*m. What is the remainder when 35 is divided by q?
3
Suppose -5*i + 5*g = -50, -5*g + 2*g = -i + 14. Suppose 0 = -6*d + i*d + 10. Let w = 2 - d. What is the remainder when 26 is divided by w?
5
Let q = 102 + -58. Let p = 56 - q. Calculate the remainder when 22 is divided by p.
10
Suppose 1294 = 17*u - 2429. What is the remainder when u is divided by 37?
34
Let j = 4 - 8. Let k be (10/80*-90)/(3/(-40)). Calculate the remainder when k/j*(-8)/12 is divided by 13.
12
Suppose c = -2*h + 111, -4*h - 97 - 266 = -3*c. Suppose -8*s = -4*s - 60. What is the remainder when c is divided by s?
12
Suppose 0 = -o - 3*o + 8, 86 = 2*x - o. What is the remainder when x is divided by 12?
8
Let i(x) = 5*x. Let m be i(12). Suppose 0 = -2*d + 4*z + 78 + m, -4*d = -5*z - 267. What is the remainder when d is divided by 13?
11
Suppose -8 = d - 2*d. Suppose -44 + 14 = -6*z. Suppose b + u = -2, b = -z*u + 6 - 28. What is the remainder when d is divided by b?
2
What is the remainder when -1 - (-1 + (5 - 31)*4) is divided by 21?
20
Let q(y) = y**3 + 3*y**2 + 2*y + 3. Let s be q(-3). Let a = s + 15. What is the remainder when a is divided by 8?
4
Let w = -163 + 221. What is the remainder when 189 is divided by w?
15
Let f(i) = 19*i**3 - 4*i**2 + 2*i + 1. What is the remainder when 66 is divided by f(1)?
12
Let g = -321 + 568. What is the remainder when g is divided by 63?
58
Suppose -3*j - 256 = -5*j + c, 128 = j - 4*c. Calculate the remainder when j is divided by 22.
18
Suppose -104 = 10*b + 46. Suppose -1 + 55 = 2*m. Let l = m + b. Calculate the remainder when 46 is divided by l.
10
Calculate the remainder when 40 is divided by -4 + 14 + (11 - 5).
8
Let p(a) = -33*a + 9. Let c be p(-9). Suppose 3*q + c = 6*q. What is the remainder when q is divided by 15?
12
Let p(u) = u**2 - 3*u - 13. Let h be p(6). Suppose -c - 4*c + 59 = 4*j, 0 = -h*j + 2*c + 49. What is the remainder when 31 is divided by j?
9
Suppose -2*b - h = -9, 3*b - 6 = -h + 7. Suppose -3*d + 2*v - 1 = 0, 0*v - v = 2*d - b. What is the remainder when 4 is divided by d?
0
Let z(g) = -89*g**2 + 2*g - 1. Let n(r) = -r**2 + 3*r + 5. Let c be n(4). Let x be z(c). What is the remainder when 13 is divided by 2/(-4) - x/16?
3
Suppose 9*o = 10 + 80. Let l(w) = -w**3 - 6*w**2 - 4*w + 4. Calculate the remainder when l(-6) is divided by o.
8
Suppose -3*y + 7*y = 3*n - 193, -4*y = n - 43. Calculate the remainder when 291 is divided by n.
55
Let n(z) = 19*z**2 + 19*z + 17. Let k be (-3 + 26 + -1)*2. Suppose 5*c = k - 14. Calculate the remainder when n(-1) is divided by c.
5
Let n be (-1 + 1 - -3)*2320/24. Suppose n = 5*c + 5*c. Calculate the remainder when c is divided by 10.
9
Let k(a) = 6*a**3 + 2*a**2 - 2*a + 1. Suppose 2*t - 4*x = 22, 2*t + 0*t - x - 7 = 0. What is the remainder when 22 is divided by k(t)?
1
Let t(k) = k**2 + k - 47. What is the remainder when (1 + -42)*(0 - 4)/2 is divided by t(-10)?
39
Suppose 0 = -2*c + 3*s + 119, -195 = -5*c + 5*s + 100. What is the remainder when 172 is divided by c?
56
Suppose 4*p = 19*p + 2145. Let r = p - -217. Calculate the remainder when r is divided by 19.
17
Let c = 1643 + -1163. Calculate the remainder when 47 is divided by (c/(-75))/(2/(-5)).
15
Let i(d) = -d**2 + 46*d - 329. What is the remainder when i(20) is divided by 26?
9
Let u(n) = n + 15. Let f = 2 - 1. Calculate the remainder when f/((-3)/(-6)) + 41 is divided by u(0).
13
Suppose w - 9 = 2*r + 12, -5*w + 94 = r. Calculate the remainder when (-3 + 0 + 0)/(-3)*74 is divided by w.
17
Suppose 5*v + 912 = 2*m, -3*m - 910 = -5*m + 4*v. What is the remainder when m is divided by 147?
10
Suppose -7*o = 77 - 14. Let b = 14 + o. Suppose h = b*i - 38, 2*h + 0*h - 28 = -3*i. Calculate the remainder when 13 is divided by i.
5
Suppose 81 = 8*w - 39. What is the remainder when w is divided by 4 - (-4 + 6 + -1)?
0
Suppose -68 = -o + 3*z, 12*o - 15*o = -3*z - 228. Let h = o + 8. Calculate the remainder when h is divided by 26.
10
Suppose 5*h - 13 = 22. Let g = -6 + h. What is the remainder when (-1 - 1)/(3 + -5) is divided by g?
0
Let t be 4134/45 - (-6)/45. Let f = t + -75. What is the remainder when 63 is divided by f?
12
Suppose 12*d - 15*d + 24 = 0. Suppose -20 = -2*a + d. Calculate the remainder when 68 is divided by a.
12
Suppose 48 = 2*m - 102. Suppose 0 = r - 6*p + 3*p - 20, 0 = -p + 2. Calculate the remainder when m is divided by r.
23
Let z(g) = 10*g**2 - 16*g - 77. Let t(l) = 7*l**2 - 11*l - 51. Let a(y) = -7*t(y) + 5*z(y). Calculate the remainder when 141 is divided by a(-5).
9
Suppose 316 = 4*a + 2*i, 41*a + i = 42*a - 85. Calculate the remainder when 390 is divided by a.
66
Let o = -467 + 213. Let p = 275 + o. Let i(u) = -8*u**3 - u - 1. Calculate the remainder when p is divided by i(-1).
5
Let c(p) = p**2 - 5*p - 2. Let m be c(7). Let v = 69 - 42. Calculate the remainder when (-316)/(-6) - (-4)/m is divided by v.
26
Let a be -3 + (37 - (1 - 2)). Suppose a = j + 2*g, -5*j - 21 = -g - 163. Calculate the remainder when j is divided by 6.
5
Let g(c) = 5*c + 29. Let w be g(-5). Suppose w*x - x = 51. Let h(u) = 12*u**2 + u. Calculate the remainder when h(2) is divided by x.
16
Let a = 145 + -67. Let w = -54 +